{"id":6289,"date":"2022-04-13T12:24:33","date_gmt":"2022-04-13T12:24:33","guid":{"rendered":"https:\/\/epaper.hirsch-porozell.at\/?page_id=6289"},"modified":"2023-02-21T10:57:23","modified_gmt":"2023-02-21T10:57:23","slug":"produktubersicht-dach","status":"publish","type":"page","link":"https:\/\/epaper.hirsch-porozell.at\/index.php\/produkte\/produktubersicht-dach\/","title":{"rendered":"Produkt\u00fcbersicht Dach"},"content":{"rendered":"\t\t<div data-elementor-type=\"wp-page\" data-elementor-id=\"6289\" class=\"elementor elementor-6289\">\n\t\t\t\t\t\t<div class=\"elementor-inner\">\n\t\t\t\t<div class=\"elementor-section-wrap\">\n\t\t\t\t\t\t\t\t\t<section class=\"elementor-section elementor-top-section elementor-element elementor-element-ea7688c elementor-section-full_width elementor-section-height-default elementor-section-height-default qodef-elementor-content-no\" data-id=\"ea7688c\" data-element_type=\"section\">\n\t\t\t\t\t\t<div class=\"elementor-container elementor-column-gap-default\">\n\t\t\t\t\t\t\t<div class=\"elementor-row\">\n\t\t\t\t\t<div class=\"elementor-column elementor-col-100 elementor-top-column elementor-element elementor-element-ae00dfb\" data-id=\"ae00dfb\" data-element_type=\"column\">\n\t\t\t<div class=\"elementor-column-wrap\">\n\t\t\t\t\t\t\t<div class=\"elementor-widget-wrap\">\n\t\t\t\t\t\t\t\t<\/div>\n\t\t\t\t\t<\/div>\n\t\t<\/div>\n\t\t\t\t\t\t\t\t<\/div>\n\t\t\t\t\t<\/div>\n\t\t<\/section>\n\t\t\t\t<section class=\"elementor-section elementor-top-section elementor-element elementor-element-51b74762 qodef-elementor-content-grid elementor-section-boxed elementor-section-height-default elementor-section-height-default\" data-id=\"51b74762\" data-element_type=\"section\" data-settings=\"{&quot;background_background&quot;:&quot;classic&quot;,&quot;animation&quot;:&quot;none&quot;}\">\n\t\t\t\t\t\t<div class=\"elementor-container elementor-column-gap-no\">\n\t\t\t\t\t\t\t<div class=\"elementor-row\">\n\t\t\t\t\t<div class=\"elementor-column elementor-col-25 elementor-top-column elementor-element elementor-element-e705b05\" data-id=\"e705b05\" data-element_type=\"column\" data-settings=\"{&quot;background_background&quot;:&quot;classic&quot;}\">\n\t\t\t<div class=\"elementor-column-wrap elementor-element-populated\">\n\t\t\t\t\t\t\t<div class=\"elementor-widget-wrap\">\n\t\t\t\t\t\t<div class=\"elementor-element elementor-element-d2f5504 elementor-widget elementor-widget-stal_core_icon_with_text\" data-id=\"d2f5504\" data-element_type=\"widget\" data-widget_type=\"stal_core_icon_with_text.default\">\n\t\t\t\t<div class=\"elementor-widget-container\">\n\t\t\t<div class=\"qodef-shortcode qodef-m  qodef-icon-with-text qodef-layout--top  qodef--custom-icon qodef-appear-animation--enabled qodef-alignment--center\" >\n\t<div class=\"qodef-m-icon-wrapper\">\n\t\t\t\t\t<a itemprop=\"url\" href=\"https:\/\/epaper.hirsch-porozell.at\/index.php\/produkte\/produktubersicht-dach\/eps-gefalledammplatten\/\" target=\"_self\">\n\t\t\t<img width=\"2720\" height=\"2040\" src=\"https:\/\/epaper.hirsch-porozell.at\/wp-content\/uploads\/2022\/05\/MicrosoftTeams-image-7.png\" class=\"attachment-full size-full\" alt=\"\" loading=\"lazy\" srcset=\"https:\/\/epaper.hirsch-porozell.at\/wp-content\/uploads\/2022\/05\/MicrosoftTeams-image-7.png 2720w, https:\/\/epaper.hirsch-porozell.at\/wp-content\/uploads\/2022\/05\/MicrosoftTeams-image-7-300x225.png 300w, https:\/\/epaper.hirsch-porozell.at\/wp-content\/uploads\/2022\/05\/MicrosoftTeams-image-7-1024x768.png 1024w, https:\/\/epaper.hirsch-porozell.at\/wp-content\/uploads\/2022\/05\/MicrosoftTeams-image-7-768x576.png 768w, https:\/\/epaper.hirsch-porozell.at\/wp-content\/uploads\/2022\/05\/MicrosoftTeams-image-7-1536x1152.png 1536w, https:\/\/epaper.hirsch-porozell.at\/wp-content\/uploads\/2022\/05\/MicrosoftTeams-image-7-2048x1536.png 2048w\" sizes=\"(max-width: 2720px) 100vw, 2720px\" \/>\t\t\t<\/a>\n\t\t<\/div>\n\t<div class=\"qodef-m-content\">\n\t\t\t<h3 class=\"qodef-m-title\" >\n\t\t\t\t\t<a itemprop=\"url\" href=\"https:\/\/epaper.hirsch-porozell.at\/index.php\/produkte\/produktubersicht-dach\/eps-gefalledammplatten\/\" target=\"_self\">\n\t\t\t\t\t<span class=\"qodef-m-title-text\">EPS-Gef\u00e4lle d\u00e4mmplatte<\/span>\n\t\t\t\t\t<\/a>\n\t\t\t<\/h3>\n\t\t\t<\/div>\n<\/div>\t\t<\/div>\n\t\t\t\t<\/div>\n\t\t\t\t\t\t<\/div>\n\t\t\t\t\t<\/div>\n\t\t<\/div>\n\t\t\t\t<div class=\"elementor-column elementor-col-25 elementor-top-column elementor-element elementor-element-64929479\" data-id=\"64929479\" data-element_type=\"column\" data-settings=\"{&quot;background_background&quot;:&quot;classic&quot;}\">\n\t\t\t<div class=\"elementor-column-wrap elementor-element-populated\">\n\t\t\t\t\t\t\t<div class=\"elementor-widget-wrap\">\n\t\t\t\t\t\t<div class=\"elementor-element elementor-element-62d24608 elementor-widget elementor-widget-stal_core_icon_with_text\" data-id=\"62d24608\" data-element_type=\"widget\" data-widget_type=\"stal_core_icon_with_text.default\">\n\t\t\t\t<div class=\"elementor-widget-container\">\n\t\t\t<div class=\"qodef-shortcode qodef-m  qodef-icon-with-text qodef-layout--top  qodef--custom-icon qodef-appear-animation--enabled qodef-alignment--center\" >\n\t<div class=\"qodef-m-icon-wrapper\">\n\t\t\t\t\t<a itemprop=\"url\" href=\"https:\/\/epaper.hirsch-porozell.at\/index.php\/produkte\/produktubersicht-dach\/eps-gegengefalledammplatten\/\" target=\"_self\">\n\t\t\t<img width=\"1026\" height=\"700\" src=\"https:\/\/epaper.hirsch-porozell.at\/wp-content\/uploads\/2022\/05\/EPS-Gefaelle.png\" class=\"attachment-full size-full\" alt=\"\" loading=\"lazy\" srcset=\"https:\/\/epaper.hirsch-porozell.at\/wp-content\/uploads\/2022\/05\/EPS-Gefaelle.png 1026w, https:\/\/epaper.hirsch-porozell.at\/wp-content\/uploads\/2022\/05\/EPS-Gefaelle-300x205.png 300w, https:\/\/epaper.hirsch-porozell.at\/wp-content\/uploads\/2022\/05\/EPS-Gefaelle-1024x699.png 1024w, https:\/\/epaper.hirsch-porozell.at\/wp-content\/uploads\/2022\/05\/EPS-Gefaelle-768x524.png 768w\" sizes=\"(max-width: 1026px) 100vw, 1026px\" \/>\t\t\t<\/a>\n\t\t<\/div>\n\t<div class=\"qodef-m-content\">\n\t\t\t<h3 class=\"qodef-m-title\" >\n\t\t\t\t\t<a itemprop=\"url\" href=\"https:\/\/epaper.hirsch-porozell.at\/index.php\/produkte\/produktubersicht-dach\/eps-gegengefalledammplatten\/\" target=\"_self\">\n\t\t\t\t\t<span class=\"qodef-m-title-text\">EPS-Gegen gef\u00e4lle d\u00e4mmplatte<\/span>\n\t\t\t\t\t<\/a>\n\t\t\t<\/h3>\n\t\t\t<\/div>\n<\/div>\t\t<\/div>\n\t\t\t\t<\/div>\n\t\t\t\t\t\t<\/div>\n\t\t\t\t\t<\/div>\n\t\t<\/div>\n\t\t\t\t<div class=\"elementor-column elementor-col-25 elementor-top-column elementor-element elementor-element-2275091\" data-id=\"2275091\" data-element_type=\"column\" data-settings=\"{&quot;background_background&quot;:&quot;classic&quot;}\">\n\t\t\t<div class=\"elementor-column-wrap elementor-element-populated\">\n\t\t\t\t\t\t\t<div class=\"elementor-widget-wrap\">\n\t\t\t\t\t\t<div class=\"elementor-element elementor-element-3e45f35 elementor-widget elementor-widget-stal_core_icon_with_text\" data-id=\"3e45f35\" data-element_type=\"widget\" data-widget_type=\"stal_core_icon_with_text.default\">\n\t\t\t\t<div class=\"elementor-widget-container\">\n\t\t\t<div class=\"qodef-shortcode qodef-m  qodef-icon-with-text qodef-layout--top  qodef--custom-icon qodef-appear-animation--enabled qodef-alignment--center\" >\n\t<div class=\"qodef-m-icon-wrapper\">\n\t\t\t\t\t<a itemprop=\"url\" href=\"https:\/\/epaper.hirsch-porozell.at\/index.php\/produkte\/produktubersicht-dach\/eps-kehlplatten\/\" target=\"_self\">\n\t\t\t<img width=\"1093\" height=\"746\" src=\"https:\/\/epaper.hirsch-porozell.at\/wp-content\/uploads\/2022\/05\/EPS_Kehlplatten.png\" class=\"attachment-full size-full\" alt=\"\" loading=\"lazy\" srcset=\"https:\/\/epaper.hirsch-porozell.at\/wp-content\/uploads\/2022\/05\/EPS_Kehlplatten.png 1093w, https:\/\/epaper.hirsch-porozell.at\/wp-content\/uploads\/2022\/05\/EPS_Kehlplatten-300x205.png 300w, https:\/\/epaper.hirsch-porozell.at\/wp-content\/uploads\/2022\/05\/EPS_Kehlplatten-1024x699.png 1024w, https:\/\/epaper.hirsch-porozell.at\/wp-content\/uploads\/2022\/05\/EPS_Kehlplatten-768x524.png 768w\" sizes=\"(max-width: 1093px) 100vw, 1093px\" \/>\t\t\t<\/a>\n\t\t<\/div>\n\t<div class=\"qodef-m-content\">\n\t\t\t<h3 class=\"qodef-m-title\" >\n\t\t\t\t\t<a itemprop=\"url\" href=\"https:\/\/epaper.hirsch-porozell.at\/index.php\/produkte\/produktubersicht-dach\/eps-kehlplatten\/\" target=\"_self\">\n\t\t\t\t\t<span class=\"qodef-m-title-text\">EPS-Kehlplatte<\/span>\n\t\t\t\t\t<\/a>\n\t\t\t<\/h3>\n\t\t\t<\/div>\n<\/div>\t\t<\/div>\n\t\t\t\t<\/div>\n\t\t\t\t\t\t<\/div>\n\t\t\t\t\t<\/div>\n\t\t<\/div>\n\t\t\t\t<div class=\"elementor-column elementor-col-25 elementor-top-column elementor-element elementor-element-1f4a1ac\" data-id=\"1f4a1ac\" data-element_type=\"column\" data-settings=\"{&quot;background_background&quot;:&quot;classic&quot;}\">\n\t\t\t<div class=\"elementor-column-wrap elementor-element-populated\">\n\t\t\t\t\t\t\t<div class=\"elementor-widget-wrap\">\n\t\t\t\t\t\t<div class=\"elementor-element elementor-element-a2e2962 elementor-widget elementor-widget-stal_core_icon_with_text\" data-id=\"a2e2962\" data-element_type=\"widget\" data-widget_type=\"stal_core_icon_with_text.default\">\n\t\t\t\t<div class=\"elementor-widget-container\">\n\t\t\t<div class=\"qodef-shortcode qodef-m  qodef-icon-with-text qodef-layout--top  qodef--custom-icon qodef-appear-animation--enabled qodef-alignment--center\" >\n\t<div class=\"qodef-m-icon-wrapper\">\n\t\t\t\t\t<a itemprop=\"url\" href=\"https:\/\/epaper.hirsch-porozell.at\/index.php\/produkte\/produktubersicht-dach\/eps-gratplatten\/\" target=\"_self\">\n\t\t\t<img width=\"1119\" height=\"764\" src=\"https:\/\/epaper.hirsch-porozell.at\/wp-content\/uploads\/2022\/05\/EPS_Gratplatten.png\" class=\"attachment-full size-full\" alt=\"\" loading=\"lazy\" srcset=\"https:\/\/epaper.hirsch-porozell.at\/wp-content\/uploads\/2022\/05\/EPS_Gratplatten.png 1119w, https:\/\/epaper.hirsch-porozell.at\/wp-content\/uploads\/2022\/05\/EPS_Gratplatten-300x205.png 300w, https:\/\/epaper.hirsch-porozell.at\/wp-content\/uploads\/2022\/05\/EPS_Gratplatten-1024x699.png 1024w, https:\/\/epaper.hirsch-porozell.at\/wp-content\/uploads\/2022\/05\/EPS_Gratplatten-768x524.png 768w\" sizes=\"(max-width: 1119px) 100vw, 1119px\" \/>\t\t\t<\/a>\n\t\t<\/div>\n\t<div class=\"qodef-m-content\">\n\t\t\t<h3 class=\"qodef-m-title\" >\n\t\t\t\t\t<a itemprop=\"url\" href=\"https:\/\/epaper.hirsch-porozell.at\/index.php\/produkte\/produktubersicht-dach\/eps-gratplatten\/\" target=\"_self\">\n\t\t\t\t\t<span class=\"qodef-m-title-text\">EPS-Gratplatte<\/span>\n\t\t\t\t\t<\/a>\n\t\t\t<\/h3>\n\t\t\t<\/div>\n<\/div>\t\t<\/div>\n\t\t\t\t<\/div>\n\t\t\t\t\t\t<\/div>\n\t\t\t\t\t<\/div>\n\t\t<\/div>\n\t\t\t\t\t\t\t\t<\/div>\n\t\t\t\t\t<\/div>\n\t\t<\/section>\n\t\t\t\t<section class=\"elementor-section elementor-top-section elementor-element elementor-element-8cd7898 qodef-elementor-content-grid elementor-section-boxed elementor-section-height-default elementor-section-height-default\" data-id=\"8cd7898\" data-element_type=\"section\" data-settings=\"{&quot;background_background&quot;:&quot;classic&quot;,&quot;animation&quot;:&quot;none&quot;}\">\n\t\t\t\t\t\t<div class=\"elementor-container elementor-column-gap-no\">\n\t\t\t\t\t\t\t<div class=\"elementor-row\">\n\t\t\t\t\t<div class=\"elementor-column elementor-col-33 elementor-top-column elementor-element elementor-element-48b7844\" data-id=\"48b7844\" data-element_type=\"column\" data-settings=\"{&quot;background_background&quot;:&quot;classic&quot;}\">\n\t\t\t<div class=\"elementor-column-wrap elementor-element-populated\">\n\t\t\t\t\t\t\t<div class=\"elementor-widget-wrap\">\n\t\t\t\t\t\t<div class=\"elementor-element elementor-element-2d3f69c elementor-widget elementor-widget-stal_core_icon_with_text\" data-id=\"2d3f69c\" data-element_type=\"widget\" data-widget_type=\"stal_core_icon_with_text.default\">\n\t\t\t\t<div class=\"elementor-widget-container\">\n\t\t\t<div class=\"qodef-shortcode qodef-m  qodef-icon-with-text qodef-layout--top  qodef--custom-icon qodef-appear-animation--enabled qodef-alignment--center\" >\n\t<div class=\"qodef-m-icon-wrapper\">\n\t\t\t\t\t<a itemprop=\"url\" href=\"https:\/\/epaper.hirsch-porozell.at\/index.php\/produkte\/produktubersicht-dach\/dachrandkeil-attikakeil\/\" target=\"_self\">\n\t\t\t<img width=\"1000\" height=\"800\" src=\"https:\/\/epaper.hirsch-porozell.at\/wp-content\/uploads\/2023\/02\/Dachrandkeil.png\" class=\"attachment-full size-full\" alt=\"\" loading=\"lazy\" srcset=\"https:\/\/epaper.hirsch-porozell.at\/wp-content\/uploads\/2023\/02\/Dachrandkeil.png 1000w, https:\/\/epaper.hirsch-porozell.at\/wp-content\/uploads\/2023\/02\/Dachrandkeil-300x240.png 300w, https:\/\/epaper.hirsch-porozell.at\/wp-content\/uploads\/2023\/02\/Dachrandkeil-768x614.png 768w\" sizes=\"(max-width: 1000px) 100vw, 1000px\" \/>\t\t\t<\/a>\n\t\t<\/div>\n\t<div class=\"qodef-m-content\">\n\t\t\t<h3 class=\"qodef-m-title\" >\n\t\t\t\t\t<a itemprop=\"url\" href=\"https:\/\/epaper.hirsch-porozell.at\/index.php\/produkte\/produktubersicht-dach\/dachrandkeil-attikakeil\/\" target=\"_self\">\n\t\t\t\t\t<span class=\"qodef-m-title-text\">Dachrandkeil \/ Attikakeil<\/span>\n\t\t\t\t\t<\/a>\n\t\t\t<\/h3>\n\t\t\t<\/div>\n<\/div>\t\t<\/div>\n\t\t\t\t<\/div>\n\t\t\t\t\t\t<\/div>\n\t\t\t\t\t<\/div>\n\t\t<\/div>\n\t\t\t\t<div class=\"elementor-column elementor-col-33 elementor-top-column elementor-element elementor-element-425283a\" data-id=\"425283a\" data-element_type=\"column\" data-settings=\"{&quot;background_background&quot;:&quot;classic&quot;}\">\n\t\t\t<div class=\"elementor-column-wrap elementor-element-populated\">\n\t\t\t\t\t\t\t<div class=\"elementor-widget-wrap\">\n\t\t\t\t\t\t<div class=\"elementor-element elementor-element-60cfb05 elementor-widget elementor-widget-stal_core_icon_with_text\" data-id=\"60cfb05\" data-element_type=\"widget\" data-widget_type=\"stal_core_icon_with_text.default\">\n\t\t\t\t<div class=\"elementor-widget-container\">\n\t\t\t<div class=\"qodef-shortcode qodef-m  qodef-icon-with-text qodef-layout--top  qodef--custom-icon qodef-appear-animation--enabled qodef-alignment--center\" >\n\t<div class=\"qodef-m-icon-wrapper\">\n\t\t\t\t\t<a itemprop=\"url\" href=\"https:\/\/epaper.hirsch-porozell.at\/index.php\/produkte\/produktubersicht-dach\/point-dachreitersystem\/\" target=\"_self\">\n\t\t\t<img width=\"1000\" height=\"800\" src=\"https:\/\/epaper.hirsch-porozell.at\/wp-content\/uploads\/2023\/02\/Dachreitersystem.png\" class=\"attachment-full size-full\" alt=\"\" loading=\"lazy\" srcset=\"https:\/\/epaper.hirsch-porozell.at\/wp-content\/uploads\/2023\/02\/Dachreitersystem.png 1000w, https:\/\/epaper.hirsch-porozell.at\/wp-content\/uploads\/2023\/02\/Dachreitersystem-300x240.png 300w, https:\/\/epaper.hirsch-porozell.at\/wp-content\/uploads\/2023\/02\/Dachreitersystem-768x614.png 768w\" sizes=\"(max-width: 1000px) 100vw, 1000px\" \/>\t\t\t<\/a>\n\t\t<\/div>\n\t<div class=\"qodef-m-content\">\n\t\t\t<h3 class=\"qodef-m-title\" >\n\t\t\t\t\t<a itemprop=\"url\" href=\"https:\/\/epaper.hirsch-porozell.at\/index.php\/produkte\/produktubersicht-dach\/point-dachreitersystem\/\" target=\"_self\">\n\t\t\t\t\t<span class=\"qodef-m-title-text\">Dachreitersystem<\/span>\n\t\t\t\t\t<\/a>\n\t\t\t<\/h3>\n\t\t\t<\/div>\n<\/div>\t\t<\/div>\n\t\t\t\t<\/div>\n\t\t\t\t\t\t<\/div>\n\t\t\t\t\t<\/div>\n\t\t<\/div>\n\t\t\t\t<div class=\"elementor-column elementor-col-33 elementor-top-column elementor-element elementor-element-aa08b7f\" data-id=\"aa08b7f\" data-element_type=\"column\" data-settings=\"{&quot;background_background&quot;:&quot;classic&quot;}\">\n\t\t\t<div class=\"elementor-column-wrap elementor-element-populated\">\n\t\t\t\t\t\t\t<div class=\"elementor-widget-wrap\">\n\t\t\t\t\t\t<div class=\"elementor-element elementor-element-d93220d elementor-widget elementor-widget-stal_core_icon_with_text\" data-id=\"d93220d\" data-element_type=\"widget\" data-widget_type=\"stal_core_icon_with_text.default\">\n\t\t\t\t<div class=\"elementor-widget-container\">\n\t\t\t<div class=\"qodef-shortcode qodef-m  qodef-icon-with-text qodef-layout--top  qodef--custom-icon qodef-appear-animation--enabled qodef-alignment--center\" >\n\t<div class=\"qodef-m-icon-wrapper\">\n\t\t\t\t\t<a itemprop=\"url\" href=\"https:\/\/epaper.hirsch-porozell.at\/index.php\/produkte\/produktubersicht-boden\/produktubersicht-thermozell\/individueller-gefalleplan\/\" target=\"_self\">\n\t\t\t<img width=\"1000\" height=\"800\" src=\"https:\/\/epaper.hirsch-porozell.at\/wp-content\/uploads\/2023\/02\/Gefa\u0308lleplan01.png\" class=\"attachment-full size-full\" alt=\"\" loading=\"lazy\" srcset=\"https:\/\/epaper.hirsch-porozell.at\/wp-content\/uploads\/2023\/02\/Gefa\u0308lleplan01.png 1000w, https:\/\/epaper.hirsch-porozell.at\/wp-content\/uploads\/2023\/02\/Gefa\u0308lleplan01-300x240.png 300w, https:\/\/epaper.hirsch-porozell.at\/wp-content\/uploads\/2023\/02\/Gefa\u0308lleplan01-768x614.png 768w\" sizes=\"(max-width: 1000px) 100vw, 1000px\" \/>\t\t\t<\/a>\n\t\t<\/div>\n\t<div class=\"qodef-m-content\">\n\t\t\t<h3 class=\"qodef-m-title\" >\n\t\t\t\t\t<a itemprop=\"url\" href=\"https:\/\/epaper.hirsch-porozell.at\/index.php\/produkte\/produktubersicht-boden\/produktubersicht-thermozell\/individueller-gefalleplan\/\" target=\"_self\">\n\t\t\t\t\t<span class=\"qodef-m-title-text\">Individueller Gef\u00e4lleplan<\/span>\n\t\t\t\t\t<\/a>\n\t\t\t<\/h3>\n\t\t\t<\/div>\n<\/div>\t\t<\/div>\n\t\t\t\t<\/div>\n\t\t\t\t\t\t<\/div>\n\t\t\t\t\t<\/div>\n\t\t<\/div>\n\t\t\t\t\t\t\t\t<\/div>\n\t\t\t\t\t<\/div>\n\t\t<\/section>\n\t\t\t\t\t\t\t\t\t<\/div>\n\t\t\t<\/div>\n\t\t\t\t\t<\/div>\n\t\t","protected":false},"excerpt":{"rendered":"<p>EPS-Gef\u00e4lle d\u00e4mmplatte EPS-Gegen gef\u00e4lle d\u00e4mmplatte EPS-Kehlplatte EPS-Gratplatte Dachrandkeil \/ Attikakeil Dachreitersystem Individueller Gef\u00e4lleplan<\/p>\n","protected":false},"author":1,"featured_media":0,"parent":5852,"menu_order":0,"comment_status":"closed","ping_status":"closed","template":"page-full-width.php","meta":[],"_links":{"self":[{"href":"https:\/\/epaper.hirsch-porozell.at\/index.php\/wp-json\/wp\/v2\/pages\/6289"}],"collection":[{"href":"https:\/\/epaper.hirsch-porozell.at\/index.php\/wp-json\/wp\/v2\/pages"}],"about":[{"href":"https:\/\/epaper.hirsch-porozell.at\/index.php\/wp-json\/wp\/v2\/types\/page"}],"author":[{"embeddable":true,"href":"https:\/\/epaper.hirsch-porozell.at\/index.php\/wp-json\/wp\/v2\/users\/1"}],"replies":[{"embeddable":true,"href":"https:\/\/epaper.hirsch-porozell.at\/index.php\/wp-json\/wp\/v2\/comments?post=6289"}],"version-history":[{"count":75,"href":"https:\/\/epaper.hirsch-porozell.at\/index.php\/wp-json\/wp\/v2\/pages\/6289\/revisions"}],"predecessor-version":[{"id":8744,"href":"https:\/\/epaper.hirsch-porozell.at\/index.php\/wp-json\/wp\/v2\/pages\/6289\/revisions\/8744"}],"up":[{"embeddable":true,"href":"https:\/\/epaper.hirsch-porozell.at\/index.php\/wp-json\/wp\/v2\/pages\/5852"}],"wp:attachment":[{"href":"https:\/\/epaper.hirsch-porozell.at\/index.php\/wp-json\/wp\/v2\/media?parent=6289"}],"curies":[{"name":"wp","href":"https:\/\/api.w.org\/{rel}","templated":true}]}}